4, 222 = x*i + 3*w. Is 12 a factor of i?
False
Let j be 188/(4 - 1 - 1). Let s = j + -10. Is 21 a factor of s?
True
Let l(a) = -2*a**3 + a. Let o be l(2). Suppose 2*z + 1 = -5*x, 3*z + 7*x = 4*x + 3. Let c = z - o. Is 5 a factor of c?
False
Suppose -4*p - 5*n + 3*n + 32 = 0, 2*p + 4*n - 4 = 0. Let c(k) = 2*k + 18. Let h be c(p). Suppose 0*r - r + h = 0. Is 11 a factor of r?
False
Suppose -94310 = -5*v + a - 6*a, 0 = -v + 3*a + 18834. Is 49 a factor of v?
False
Let d(l) be the third derivative of 0*l + 7/6*l**3 + 0 + 1/30*l**5 - 7*l**2 - 1/4*l**4. Is d(5) a multiple of 27?
True
Let r(a) = -216*a**3 - 2*a**2 + 3*a - 3. Let s(o) = 431*o**3 + 4*o**2 - 8*o + 7. Let l(n) = 5*r(n) + 2*s(n). Is 9 a factor of l(-1)?
True
Let x(g) = g**3 - 28*g**2 + 78. Let f = 1036 + -1008. Is x(f) even?
True
Let w(v) = 7*v - 26. Let q be w(3). Does 27 divide (-296)/6*((-31)/2 - q)?
False
Suppose -250*y + 247*y = -3*x + 9669, 2*x = -4*y + 6452. Is x a multiple of 8?
True
Let s(p) = -7*p + 3. Let a be s(3). Suppose 3*v = 4*w + 259, -255 = -8*w + 12*w + v. Let m = a - w. Does 21 divide m?
False
Let r(b) = -2*b**2 - 10*b + 6. Let x(y) be the second derivative of y**4/3 + 19*y**3/6 - 6*y**2 - y. Let t(h) = 11*r(h) + 6*x(h). Is 12 a factor of t(7)?
True
Suppose 6*a - 7*a - 1 = -4*o, -2*o + 2 = 0. Let y(h) = 4*h - 30. Let g be y(a). Does 9 divide 2*((-399)/g - 1/(-3))?
True
Suppose 44*c - 42*c - 60 = 0. Suppose c + 6 = 3*j. Is (47/(-6))/(-1) - (-2)/j a multiple of 4?
True
Let c be 81 + -3 + (-2)/3*-3. Is 14 a factor of (-6)/5 - (-16)/c - -85?
True
Suppose 14*y + 398 = -470. Let o = 171 + y. Is o a multiple of 6?
False
Let o(n) = -5*n**2 - 2*n + 131. Let y(i) = -2*i**2 + 44. Let v(t) = 3*o(t) - 8*y(t). Is v(24) a multiple of 12?
False
Suppose 2*s = -p + 42455, -3*s - 2*p + 39534 + 24152 = 0. Is 80 a factor of s?
False
Let t(l) = -10*l**3 - 3*l**2 + 10*l + 6. Let p(f) = 51*f**3 + 16*f**2 - 52*f - 29. Let s(x) = 2*p(x) + 11*t(x). Is 10 a factor of s(-4)?
True
Is 11/(21/1911*2/4) a multiple of 46?
False
Let a be (1500/8 + 5)*18/15. Suppose a*z - 1468 = 229*z. Is 14 a factor of z?
False
Let n = 26544 + -24504. Is n a multiple of 4?
True
Suppose -4*z + 4*g = 8*g - 20, -5*z - 3*g + 27 = 0. Is 14 a factor of 0 + z + (-402)/(-3)?
True
Does 36 divide (1 - (1 - -1))/((-27)/767880)?
True
Let k = 37 + -33. Suppose -55 = 3*q + 2*f, -5*q + k*f + 0*f - 77 = 0. Let g = -8 - q. Does 2 divide g?
False
Let c(a) = -23*a + 266. Let p(l) = 87*l - 540. Let r be p(6). Does 32 divide c(r)?
False
Suppose 6*a + 4*a = 14*a. Suppose a = -4*p + 5*l + 1418, 3*p - 1067 = 9*l - 7*l. Is p a multiple of 39?
False
Suppose 3*q = 4*q - 2203. Suppose 194 = 17*f - q. Is f a multiple of 8?
False
Is ((-398576)/1044)/(1/(-18)) - -12 even?
True
Let m(u) = -u**3 - 37*u**2 - 114*u + 59. Is 24 a factor of m(-38)?
False
Suppose -11*v + 65718 = 17439. Is v a multiple of 57?
True
Does 13 divide 49010/25*-1*(-4)/24*15?
True
Let j(h) = -25*h + 16. Let n = -6 - -3. Let u be j(n). Let d = u + -5. Is 32 a factor of d?
False
Does 19 divide 54/24 + -3 - (-179375)/20?
True
Suppose -1951*d - 3992 = -1984*d + 1088968. Is 69 a factor of d?
True
Let s(y) = 487*y + 43. Let n be s(2). Suppose 5*x - n = -p, -5*x + 5*p = -6*x + 213. Is x a multiple of 7?
True
Let x(v) = -v**2 - 20*v. Let a be 3 - (3 - -1 - 3)*23. Let o be x(a). Suppose -36 = -j - o*j. Does 7 divide j?
False
Let j be (-30)/(5 + 1) + 82. Suppose z - j = -0*z - 4*g, g = -4*z + 278. Is z a multiple of 19?
False
Let h(l) = 48*l + 14. Let m(v) = -146*v - 42. Let o(p) = 10*h(p) + 3*m(p). Is 38 a factor of o(8)?
False
Let d be 7 - 0/(4/8*-6). Suppose -6*f - d*f = 338. Let l = 74 + f. Is 24 a factor of l?
True
Let b(l) = 20*l + 6. Let i(m) = -60*m - 18. Suppose 0 = 2*p + 2*r - 4*r + 2, 2*r + 4 = 4*p. Let d(q) = p*i(q) + 8*b(q). Is 18 a factor of d(-3)?
True
Let o(b) = 65*b**2 + 2*b - 1. Let g be o(-1). Let y = 67 - g. Suppose y*c = 408 + 87. Is 10 a factor of c?
False
Let r = -67 + 68. Does 10 divide (-62)/(-1) - ((r - -1) + 0)?
True
Suppose 0 = -5*t - 5*w + 55, 3*t + 4*w + 8 = 43. Let f be (4/3)/(6/t). Suppose -5*q + 51 = 2*k, 3*k - 60 = f*q + 45. Is 11 a factor of k?
True
Let y(p) be the third derivative of p**6/120 - p**5/30 - p**4/2 + 7*p**3/6 + 5*p**2. Let l be (-3)/(6/12 - 1). Is 21 a factor of y(l)?
False
Suppose 0 = -14*g + 36328 - 4721 - 681. Is 47 a factor of g?
True
Let s(k) be the third derivative of -65*k**4/24 - 55*k**3/6 + 118*k**2. Is 20 a factor of s(-11)?
True
Suppose 0 = o - 4*o + 603. Let b be 4 + 55*(3 + -5). Let f = o + b. Does 8 divide f?
False
Does 9 divide ((-103)/2 - 2)/(28/(-110880)*4)?
True
Let b be (-1 + 4 + -3)/2. Let v be -328 + b - (-10)/5 - 3. Let i = -165 - v. Does 12 divide i?
False
Let k(l) = -l**2 - 15*l + 1. Suppose 3*c - 3*t - 192 = 0, -6*c + 2*c + 256 = -t. Suppose -4*r - 116 = -c. Is 2 a factor of k(r)?
False
Let x(f) = -f**3 + 9*f**2 - 2*f + 22. Let d = 57 + -48. Let y be x(d). Is 2 - (-420)/y - -1 a multiple of 27?
True
Suppose -1042*h + 1047*h - 175356 = -4*q, -4*q + 175332 = -h. Is 30 a factor of q?
False
Let t(o) = -o**2 + 15*o + 14. Let w be t(16). Let j be (0 + (-4)/w)*2. Suppose -98 = -5*p + n, j*p - 3*n - 74 = -0*p. Is p a multiple of 18?
False
Suppose 5*d + h + 436 = 4*h, -3*h = d + 98. Let p = d + 93. Suppose p*t = 13*t - 720. Does 9 divide t?
False
Suppose -2*j = 3*f - 10259, 0 = 34*j - 37*j + 12. Does 27 divide f?
False
Let s(u) = -14*u**3 - 286*u**2 - 22*u - 10. Is 33 a factor of s(-21)?
False
Let g(k) = -17*k**2 + 3*k - 1. Let i be g(-2). Let b = -62 - i. Suppose 3*a + 0*a = -2*t + 32, -2*a - 3*t + b = 0. Is 7 a factor of a?
True
Suppose -v - 3*r + 804 + 1205 = 0, 4*v + r = 8058. Suppose -j = -0*j + f - 403, 5*j - v = f. Is j a multiple of 13?
True
Suppose 52*d + 23*d - 58*d = 184688. Is d a multiple of 16?
True
Let y(b) = -105*b**3 - 16*b**2 - 19*b. Let a be y(-5). Suppose 80*x - a = 60*x. Is x a multiple of 20?
False
Let x = 59 - -52. Let i = x + -62. Is i a multiple of 11?
False
Let k(b) = 1882*b**2 - 18*b + 55. Is k(3) a multiple of 13?
True
Suppose 3*j = 29*f - 22*f + 20866, -4*j + 5*f = -27817. Does 8 divide j?
False
Let t(x) = x**2 - 12*x + 5. Suppose 34 = 3*l - p, 2*l + 5*p - 58 = -2*l. Let d be t(l). Suppose 3*k - 486 = -d*w + 2*w, 3*k - 514 = 4*w. Does 40 divide k?
False
Let a be (-3)/5 - 6/(-10). Suppose -4*g = -x - 327, a*g - 72 = -g - 3*x. Is 4 a factor of g?
False
Let d(w) = 2*w**2 - 19*w - 215. Is d(-9) a multiple of 14?
False
Suppose 126 = -4*j - 66. Let u = -41 - j. Suppose q = u*q - 648. Is q a multiple of 9?
True
Suppose 5*p = -2*u - 15, 4 = 3*u + p + 7. Is 12 a factor of 1 - 1 - (u + 3 + -1037)?
False
Let c(f) = 14*f**2 - 4*f - 311. Does 37 divide c(20)?
False
Let g = -248 - -259. Suppose 4*a - 669 = -q, -16*q - 5*a + 3405 = -g*q. Does 44 divide q?
False
Suppose -273844 + 34444 = -148*n + 98*n. Is 18 a factor of n?
True
Let h(c) = 17*c**2 - 123*c + 1552. Does 53 divide h(33)?
True
Let d = -4100 - -6200. Is d a multiple of 50?
True
Let r(v) = -3533*v**3 - 2*v**2 + 19*v + 19. Does 14 divide r(-1)?
False
Let g(q) = -1682*q - 3767. Does 20 divide g(-15)?
False
Suppose 4*b + 5*n = -8, 10 - 33 = -5*b + 2*n. Is b/24 - 24312/(-64) a multiple of 41?
False
Let s be ((-3)/4)/(7/(-1009 - -1)). Let v = -44 + s. Suppose -3*c - 5*q + 37 = -c, -v = -3*c + q. Is c a multiple of 3?
True
Let p = 32293 - 32175. Is 2 a factor of p?
True
Let v = -176 - -184. Suppose -v*x - 7740 = -20*x. Is x a multiple of 13?
False
Let z be (1/(-3))/(-1*(-2)/6). Let x be z + 2 + -10 - (-2 - 1). Does 55 divide (x/(-4))/(3/440)?
True
Let p = -23 - -27. Suppose -p*m - 4*m = -1096. Let n = -77 + m. Is n a multiple of 15?
True
Suppose -24 = -11*o - o. Suppose -u = o*v - 41, -4*u - 64 = -3*v - 6*u. Is v a multiple of 9?
True
Let g(h) = -3*h + 47. Let r be g(14). Let m be (2 - (1 - r))/2. Suppose 545 = m*s - 5*l - 225, 4*s + 5*l - 1050 = 0. Is 47 a factor of s?
False
Let o be 180/(-24)*4/(-3). Suppose -15*b = -o*b - 145. Is b a multiple of 27?
False
Suppose 1645 = -2*w + 5485. Is w a multiple of 60?
True
Let a be (-15 + 0)*(49/(-5) - -2). Suppose -2*y = -c - a, -5*y - 3*c + 287 = -0*y. Is -1 + (y/(-8))/(7/(-28)) a multiple of 4?
True
Let w = 26109 - 20425. Is 28 a factor of w?
True
Suppose 0 = 6*m - 271 + 259. Let z(r) = r + 9. Let p be z(-5). Supp